culate the remainder when 2871 is divided by 171.
135
Calculate the remainder when 1328 is divided by 1176.
152
Calculate the remainder when 1452 is divided by 171.
84
What is the remainder when 707 is divided by 313?
81
Calculate the remainder when 13708 is divided by 3407.
80
What is the remainder when 2787 is divided by 5?
2
What is the remainder when 3278 is divided by 2451?
827
Calculate the remainder when 8676 is divided by 260.
96
Calculate the remainder when 1728 is divided by 87.
75
Calculate the remainder when 30646 is divided by 16.
6
Calculate the remainder when 28686 is divided by 38.
34
Calculate the remainder when 380 is divided by 62.
8
Calculate the remainder when 3225 is divided by 460.
5
Calculate the remainder when 3132518 is divided by 20.
18
Calculate the remainder when 226453 is divided by 207.
202
Calculate the remainder when 5445 is divided by 903.
27
What is the remainder when 48373 is divided by 30?
13
Calculate the remainder when 784 is divided by 259.
7
What is the remainder when 12007 is divided by 39?
34
What is the remainder when 165993 is divided by 159?
156
Calculate the remainder when 38177 is divided by 200.
177
Calculate the remainder when 895 is divided by 826.
69
What is the remainder when 33928 is divided by 63?
34
Calculate the remainder when 3006 is divided by 8.
6
Calculate the remainder when 76140 is divided by 13.
12
What is the remainder when 42489 is divided by 3268?
5
Calculate the remainder when 113379 is divided by 34.
23
Calculate the remainder when 3792 is divided by 26.
22
What is the remainder when 786209 is divided by 30?
29
Calculate the remainder when 51669 is divided by 674.
445
Calculate the remainder when 62649 is divided by 354.
345
Calculate the remainder when 347508 is divided by 211.
202
Calculate the remainder when 152955 is divided by 53.
50
What is the remainder when 695 is divided by 345?
5
Calculate the remainder when 12227 is divided by 3111.
2894
Calculate the remainder when 37575 is divided by 98.
41
Calculate the remainder when 5734 is divided by 2864.
6
Calculate the remainder when 13107 is divided by 4367.
6
What is the remainder when 6778 is divided by 7?
2
What is the remainder when 466068 is divided by 337?
334
What is the remainder when 6105 is divided by 278?
267
What is the remainder when 52 is divided by 36?
16
What is the remainder when 326097 is divided by 65213?
32
Calculate the remainder when 22679 is divided by 504.
503
What is the remainder when 56237 is divided by 40?
37
What is the remainder when 105665 is divided by 177?
173
Calculate the remainder when 172 is divided by 138.
34
What is the remainder when 3695 is divided by 641?
490
Calculate the remainder when 3152 is divided by 21.
2
What is the remainder when 16796 is divided by 4180?
76
Calculate the remainder when 6787 is divided by 3388.
11
What is the remainder when 1754014 is divided by 24?
22
What is the remainder when 3312 is divided by 31?
26
What is the remainder when 763 is divided by 33?
4
Calculate the remainder when 20103 is divided by 2009.
13
What is the remainder when 5612 is divided by 255?
2
Calculate the remainder when 573689 is divided by 390.
389
What is the remainder when 432891 is divided by 154?
151
Calculate the remainder when 11131 is divided by 5.
1
What is the remainder when 3326 is divided by 912?
590
Calculate the remainder when 9820993 is divided by 907.
904
What is the remainder when 9840 is divided by 92?
88
What is the remainder when 47528 is divided by 41?
9
Calculate the remainder when 33361 is divided by 104.
81
What is the remainder when 8692 is divided by 2094?
316
What is the remainder when 9400 is divided by 44?
28
What is the remainder when 6557 is divided by 2043?
428
What is the remainder when 34521 is divided by 585?
6
Calculate the remainder when 89562 is divided by 29845.
27
Calculate the remainder when 4777 is divided by 629.
374
Calculate the remainder when 19721 is divided by 118.
15
What is the remainder when 10676 is divided by 5098?
480
What is the remainder when 1590008 is divided by 995?
993
Calculate the remainder when 30940 is divided by 9.
7
What is the remainder when 8982 is divided by 155?
147
What is the remainder when 1200 is divided by 75?
0
Calculate the remainder when 4187 is divided by 551.
330
What is the remainder when 44524 is divided by 181?
179
What is the remainder when 4905 is divided by 21?
12
Calculate the remainder when 7140 is divided by 6694.
446
Calculate the remainder when 16720 is divided by 8340.
40
What is the remainder when 2428 is divided by 1185?
58
Calculate the remainder when 1791 is divided by 884.
23
Calculate the remainder when 113 is divided by 105.
8
What is the remainder when 7471 is divided by 33?
13
Calculate the remainder when 3520101 is divided by 138.
135
Calculate the remainder when 31174 is divided by 7791.
10
Calculate the remainder when 88948 is divided by 44358.
232
What is the remainder when 1434 is divided by 202?
20
What is the remainder when 1265682 is divided by 4191?
0
Calculate the remainder when 19685 is divided by 4873.
193
Calculate the remainder when 6893 is divided by 6871.
22
What is the remainder when 92361 is divided by 377?
373
What is the remainder when 7956 is divided by 566?
32
What is the remainder when 51509 is divided by 87?
5
Calculate the remainder when 1140404 is divided by 380133.
5
Calculate the remainder when 19244 is divided by 74.
4
What is the remainder when 111172 is divided by 601?
588
What is the remainder when 17258 is divided by 137?
133
What is the remainder when 100878 is divided by 59?
47
Calculate the remainder when 1624 is divided by 12.
4
What is the remainder when 10033 is divided by 103?
42
Calculate the remainder when 12673 is divided by 17.
8
What is the remainder when 615 is divided by 457?
158
What is the remainder when 21369 is divided by 2670?
9
Calculate the remainder when 1728 is divided by 27.
0
What is the remainder when 15692 is divided by 241?
27
What is the remainder when 7236 is divided by 746?
522
What is the remainder when 83254 is divided by 850?
804
Calculate the remainder when 8707 is divided by 175.
132
Calculate the remainder when 1706 is divided by 1471.
235
What is the remainder when 845 is divided by 143?
130
Calculate the remainder when 3308 is divided by 23.
19
What is the remainder when 306 is divided by 119?
68
What is the remainder when 13240 is divided by 2556?
460
Calculate the remainder when 183815 is divided by 296.
295
Calculate the remainder when 12032 is divided by 83.
80
What is the remainder when 10282 is divided by 353?
45
Calculate the remainder when 4288 is divided by 23.
10
What is the remainder when 1159 is divided by 83?
80
What is the remainder when 121385 is divided by 3678?
11
Calculate the remainder when 4015 is divided by 47.
20
What is the remainder when 17073 is divided by 117?
108
What is the remainder when 5141 is divided by 2563?
15
What is the remainder when 525910 is divided by 32?
22
What is the remainder when 884 is divided by 185?
144
What is the remainder when 2950 is divided by 1372?
206
Calculate the remainder when 11180 is divided by 5589.
2
What is the remainder when 3310 is divided by 768?
238
What is the remainder when 31593 is divided by 569?
298
What is the remainder when 449944 is divided by 16069?
12
Calculate the remainder when 860234 is divided by 71.
69
What is the remainder when 264222 is divided by 92?
90
Calculate the remainder when 12474 is divided by 831.
9
What is the remainder when 148173 is divided by 54?
51
Calculate the remainder when 5853733 is divided by 655.
653
What is the remainder when 1789 is divided by 150?
139
Calculate the remainder when 4113 is divided by 39.
18
Calculate the remainder when 197711 is divided by 144.
143
Calculate the remainder when 12316 is divided by 67.
55
What is the remainder when 1242 is divided by 489?
264
What is the remainder when 5883 is divided by 131?
119
Calculate the remainder when 4082573 is divided by 62.
59
What is the remainder when 405191 is divided by 923?
917
Calculate the remainder when 26768 is divided by 957.
929
Calculate the remainder when 15129 is divided by 49.
37
Calculate the remainder when 15350 is divided by 994